5 + -8020. What are the prime factors of d?
5, 2111
Let p = 15 + -17. Let x be 5 + -4*65/p. Let a = 5 + x. List the prime factors of a.
2, 5, 7
Let m(p) = -5*p**3 - 450*p**2 + 119*p - 104. What are the prime factors of m(-91)?
2, 13, 293
Suppose -571 - 1013 = 6*z. Let p = z + 450. What are the prime factors of p?
2, 3, 31
Let a = 442 + -219. Suppose -a*l = -226*l + 219. What are the prime factors of l?
73
Let t = 2346 - 769. Suppose -5*s + 3161 = 4*c, -2*c = -7*s + 6*s - t. What are the prime factors of c?
3, 263
Suppose -42 = 3*h - 51. Let t(l) = 6*l**3 - 3*l**2 + 11*l - 8. What are the prime factors of t(h)?
2, 5
Suppose 203*y - 206*y = -30129. List the prime factors of y.
11, 83
Let d = 9483 + -7327. What are the prime factors of d?
2, 7, 11
Let n(d) = 3*d - d**3 - d**2 + 3*d**2 - 41 + 46. Let s be n(4). Let k(l) = -l**2 - 17*l + 37. What are the prime factors of k(s)?
67
Suppose 75*o = 74*o + 14888. What are the prime factors of o?
2, 1861
Let d(q) = -32*q + 48. Let k be d(-3). What are the prime factors of 1/(-6) - (-10338)/k*4?
7, 41
Let d be 2 - -2*(12/3)/8. Suppose 779 = d*s - z, -3*z = -s - 3*s + 1037. What are the prime factors of s?
2, 5, 13
Let d be (-42)/(-84) + (-149)/(-2). Suppose 85*v - 11010 = d*v. List the prime factors of v.
3, 367
Let d(z) = -z**3 - 36*z**2 - 38*z - 110. Let l be d(-35). Let x(p) = -115*p - 111. What are the prime factors of x(l)?
2, 29
Suppose 0 = 3*k + 5*h - 18, 4*k - 3*h - 24 = 0. Let u(x) be the first derivative of 7*x**2/2 + 16*x + 5062. What are the prime factors of u(k)?
2, 29
Let f(j) be the first derivative of 23*j**2 - 10*j - 13. Let x be f(4). Suppose 4*r = 3*h - 170, -6*h + 3*h + 3*r + x = 0. What are the prime factors of h?
2, 31
Suppose 448*t = 447*t + 2. Suppose 0 = 6*p - 4538 + t. What are the prime factors of p?
2, 3, 7
Let v = -344 - -834. Let x = v - 152. List the prime factors of x.
2, 13
Let l be -56*(21/(-6) + 3). Suppose 0 = 2*c + l - 26. What are the prime factors of -5 + 3 - (-157 - c)?
2, 7, 11
Let v(m) = -5754*m**3 - 3*m**2 + 2*m + 7. What are the prime factors of v(-2)?
3, 23, 29
Let q(z) = 2*z**3 + 2*z**2 - 40*z + 408. What are the prime factors of q(10)?
2, 3, 23
Let a be (-5 + 4)*(10 - 9). List the prime factors of 1991 + ((-18)/(-3) - (a - -10)).
2, 7, 71
Suppose -4*d = -2*d - 2*x - 28, -5*d = 5*x - 120. Let s(u) = d + u**2 + 141*u - 143*u - 2*u**2 + 2*u**2. List the prime factors of s(0).
19
Let x = -300 + 304. Suppose x*g = -3*c + 2409, -2*g - 4*c + 1202 = -0*g. List the prime factors of g.
3, 67
Let n(i) = i**2 - 1. Let v(b) = 2*b**2 - 2. Let k(u) = -9*n(u) + 4*v(u). Let y be k(1). Suppose 0*r = -3*r - f + 130, -2*f - 4 = y. List the prime factors of r.
2, 11
Suppose j - 3*w - w = 16, 5 = -5*w. Let m = -10 + j. Suppose 0*q = -5*b - q + 1130, 452 = m*b + 2*q. List the prime factors of b.
2, 113
Suppose -422 = -0*t - 2*t. Let m = 590 - t. List the prime factors of m.
379
Let m = 7051 - -7348. What are the prime factors of m?
7, 11, 17
Suppose 35 = 3*h + 2*i, 0 = 2*i - 2 - 6. Let l = h + -2. Suppose 0 = -l*t + 4*t + 3*j + 18, -5*j = 0. What are the prime factors of t?
2, 3
Suppose -36*y + 49934 = h - 35*y, -h - 3*y = -49940. What are the prime factors of h?
7, 1019
List the prime factors of -3 - (-37168 - (-30)/(-10)*-2).
37159
Let m be 24/(-10)*(-10)/4. Suppose -m*r = -9*r + 3. Suppose -23 + r = -z. What are the prime factors of z?
2, 11
Suppose s = 2*s - 25. Suppose 0 = -s*m + 2954 + 2546. What are the prime factors of m?
2, 5, 11
Let q = -7 - -6. Let m be ((-8)/4 - 2)*q. Suppose 0*h = -m*r + 5*h + 828, -3*h = -3*r + 621. List the prime factors of r.
3, 23
Let a = 23 + -23. Suppose r + 2*w - 7 = a, 5*r - 35 = -w + 4*w. Suppose r*j = 979 - 76. What are the prime factors of j?
3, 43
Let k(z) = -2*z**2 - 8*z - 2. Let d be k(-3). Suppose -d*r = y + 3*y - 1728, 2146 = 5*y - 2*r. Let o = -204 + y. List the prime factors of o.
2, 113
Let k(v) = 5*v - 26. Let z = 28 - 22. Let g be k(z). Let d = g - -8. List the prime factors of d.
2, 3
List the prime factors of ((-12706)/(-1))/((-21*(-5)/(-15))/(-7)).
2, 6353
Let a = 26 + 4961. What are the prime factors of a?
4987
Let w = -3927 - -5390. List the prime factors of w.
7, 11, 19
Suppose -2070 - 870 = 4*j. Let g = -434 - j. List the prime factors of g.
7, 43
What are the prime factors of 543918/13 - ((-297)/(-13) + -23)?
2, 5, 523
Suppose -4*i - 3*f + 4842 = -7943, 15976 = 5*i + 2*f. List the prime factors of i.
2, 1597
Suppose -4206 = -5*f + 2*a, 4*f - 5*a = -0*f + 3375. Suppose -4*t = -g + 5*g - f, -416 = -2*g - t. What are the prime factors of g?
2, 103
Let x(o) = 44*o**2 + 52*o - 998. List the prime factors of x(12).
2, 11, 271
Let c(q) = 11*q - 13. Let p be c(4). Suppose 0 = k + 3*w - 13, w = 5*k - w - p. Suppose 0 = -k*r + 517 + 603. List the prime factors of r.
2, 5
Let x(j) be the second derivative of -j**5/20 + 7*j**4/12 + 13*j**3/6 - 6*j**2 - 5*j. Let r(w) = -w + 8. Let y be r(0). What are the prime factors of x(y)?
2, 7
Let g(x) = 146*x**3 + 6*x**2 + 169*x - 1137. List the prime factors of g(7).
2, 3, 2801
What are the prime factors of 11087 + (14/(42/(-15)) - -4)?
2, 23, 241
Let j(y) = -28*y**3 + 19*y**2 + 14*y + 46. What are the prime factors of j(-9)?
21871
Let k(g) = 2*g**3 - 55*g**2 - 41*g + 33. Let a(r) = -r**3 + 27*r**2 + 20*r - 17. Let u(m) = 5*a(m) + 3*k(m). What are the prime factors of u(32)?
2, 3, 13, 17
Let j = 9628 - 5068. List the prime factors of j.
2, 3, 5, 19
Let a(w) = -64*w + 76. Let x(m) = 2*m - 1. Let f(n) = -a(n) + 3*x(n). List the prime factors of f(16).
3, 347
Let k(w) = 5*w**2 - 74*w + 282. What are the prime factors of k(31)?
3, 7, 19
Let g(v) = -163*v - 27. Let x be (-16)/(-2)*19/(-152). List the prime factors of g(x).
2, 17
Let c(k) be the second derivative of -1/6*k**3 + 0 + 1/20*k**5 + 18*k - 3*k**2 + 1/6*k**4. List the prime factors of c(4).
2, 43
Suppose 2*d - 2*h - 2 + 12 = 0, 5 = 5*d + h. Suppose 5*j - 4*t - 557 = d, -5 = 4*t + 7. Suppose -m + j = 13. What are the prime factors of m?
2, 3
Let r(c) = 4*c**3 - 3*c**2 + 8*c - 33. Let s be (1 - (16 - 5))*(-4)/10. What are the prime factors of r(s)?
3, 23
Let p = 231 + -93. Suppose m = p - 28. Suppose 2*i - m = i. What are the prime factors of i?
2, 5, 11
Let n(y) = 421*y - 8. Let b = 103 + -102. What are the prime factors of n(b)?
7, 59
Let h(t) = -t**2 + 16*t - 27. Let y be h(13). Suppose 0*z + y = 4*z. Let m(g) = 60*g. List the prime factors of m(z).
2, 3, 5
Suppose 0 = 10*m - 3*m + 2394. List the prime factors of (-36)/m + (-93)/(-19) + 877.
2, 3, 7
Suppose 412032 + 514318 = 25*l. List the prime factors of l.
2, 97, 191
Let z(l) = 2*l**3 - l**2 + 2*l - 6. Let g be z(0). Let i be g + 1/1 + 15/5. List the prime factors of (i/3)/((-7420)/(-1485) + -5).
2, 3, 11
Let l be (5 - -13)/(3/256). Let c = l + -826. List the prime factors of c.
2, 5, 71
What are the prime factors of (-30 - (-4466)/145)*(1 + (-127926)/(-4))?
2, 11, 1163
Let y = 67447 - 24283. What are the prime factors of y?
2, 3, 11, 109
Let y = 76 - 74. Suppose m = 5*g - 659 - 39, -y*m - 145 = -g. Suppose 0 = 2*u - g - 29. What are the prime factors of u?
2, 3, 7
Suppose -25*h = -121*h + 570432. List the prime factors of h.
2, 2971
Suppose -a - 21 = 5*c, c = -3*c - 20. Suppose -4*y - 3*o = -509 + a, 3*y + 5*o - 365 = 0. Let l = y - 92. What are the prime factors of l?
2, 19
Let m(r) be the second derivative of -7*r**5/5 + 2*r**4/3 + 8*r**3/3 - 5*r**2 + 160*r. List the prime factors of m(-3).
2, 5, 7, 11
Suppose -110 = -3*x + 277. Suppose -2*g = -l - 156, 4*l - x = -2*g + 47. What are the prime factors of ((-22)/8)/(2*(-2)/g)?
5, 11
Let s = 46 + -42. Suppose 0 = k - 2*x - 8, -3*k - 2*x = -s*x - 8. Suppose -3*c - 2 + 254 = k. What are the prime factors of c?
2, 3, 7
Let m = 28361 - -3408. What are the prime factors of m?
31769
Let x(l) = l**3 + 16*l**2 - 708*l - 2. What are the prime factors of x(-28)?
2, 41, 127
Let d be (-7)/(-2) - 135/10. Let l(m) = m**3 + 19*m**2 - 41*m - 25. What are the prime factors of l(d)?
5, 257
Let d be 38060/80 + (-2)/(-8). Suppose 14*t + d = 16*t. What are the prime factors of t?
2, 7, 17
Suppose -a - 1 + 0 = 0. Suppose 4*f = 5*r - 15, -25*r + 3*f = -26*r - 16. List the prime factors of a - (-196 - (2 - r)).
2, 3, 11
Suppose 156 = 5*r - 18*r. List the pr